{"id":26889,"date":"2021-03-22T15:17:15","date_gmt":"2021-03-22T15:17:15","guid":{"rendered":"http:\/\/wp.wcoa.at\/?page_id=26889"},"modified":"2021-08-08T12:36:10","modified_gmt":"2021-08-08T12:36:10","slug":"whisky","status":"publish","type":"page","link":"https:\/\/www.wcoa.at\/?page_id=26889","title":{"rendered":"Whisky"},"content":{"rendered":"\n<figure class=\"wp-block-image size-large\"><img loading=\"lazy\" decoding=\"async\" width=\"2016\" height=\"1134\" src=\"http:\/\/wp.wcoa.at\/wp-content\/uploads\/2021\/03\/IMG_4674-edited.jpg\" alt=\"\" class=\"wp-image-26917\" srcset=\"https:\/\/www.wcoa.at\/wp-content\/uploads\/2021\/03\/IMG_4674-edited.jpg 2016w, https:\/\/www.wcoa.at\/wp-content\/uploads\/2021\/03\/IMG_4674-edited-300x169.jpg 300w, https:\/\/www.wcoa.at\/wp-content\/uploads\/2021\/03\/IMG_4674-edited-1024x576.jpg 1024w, https:\/\/www.wcoa.at\/wp-content\/uploads\/2021\/03\/IMG_4674-edited-768x432.jpg 768w, https:\/\/www.wcoa.at\/wp-content\/uploads\/2021\/03\/IMG_4674-edited-1536x864.jpg 1536w, https:\/\/www.wcoa.at\/wp-content\/uploads\/2021\/03\/IMG_4674-edited-1360x765.jpg 1360w\" sizes=\"auto, (max-width: 2016px) 100vw, 2016px\" \/><figcaption>(c) A.T.<\/figcaption><\/figure>\n\n\n\n<p>Whisky (in Irland und in den USA \u00fcberwiegend Whiskey) ist eine durch Destillation aus Getreidemaische gewonnene und mindestens drei Jahre im Holzfass gereifte Spirituose.<\/p>\n\n\n\n<p>Das Wort Whisky, erstmals 1736 erw\u00e4hnt, leitet sich vom Schottisch-G\u00e4lischen uisge beatha ab (gesprochen: [\u026f\u0283k\u02b2e &#8218;b\u025bha], auch uschkeba) oder vom Irischen uisce beatha (gesprochen: ischke baha oder ischke ba) und bedeutet\u201eWasser des Lebens\u201c (uisge \/ uisce = Wasser, beatha = Leben). Die anglisierte Form usquebaugh hat sich aus der g\u00e4lischen Ausspracheform uskeba entwickelt, wie man es oft auch in Schottland, Irland und Wales bei Ortsnamen vorfindet, wird aber heute uskvebaw (&#8218;u&#8216; wie in engl. cut, &#8218;aw&#8216; wie in engl. law) oder yuskibaw gesprochen. Andere Schreibweisen sind usqu(a)ebach und usquaebae. Der Begriff war bereits im 16.\/17. Jahrhundert gel\u00e4ufig. Die Engl\u00e4nder anglisierten das g\u00e4lische Wort uisge beatha zu dem heute gebr\u00e4uchlichen Wort \u201eWhisky\u201c. Man verstand darunter aber nicht nur Whisky im heutigen Sinne, sondern auch andere Br\u00e4nde mit W\u00fcrzzus\u00e4tzen.<\/p>\n","protected":false},"excerpt":{"rendered":"<p>Whisky (in Irland und in den USA \u00fcberwiegend Whiskey) ist eine durch Destillation aus Getreidemaische gewonnene und mindestens drei Jahre<\/p>\n","protected":false},"author":1,"featured_media":0,"parent":0,"menu_order":0,"comment_status":"closed","ping_status":"closed","template":"","meta":{"footnotes":""},"class_list":["post-26889","page","type-page","status-publish","hentry","comments-off"],"_links":{"self":[{"href":"https:\/\/www.wcoa.at\/index.php?rest_route=\/wp\/v2\/pages\/26889","targetHints":{"allow":["GET"]}}],"collection":[{"href":"https:\/\/www.wcoa.at\/index.php?rest_route=\/wp\/v2\/pages"}],"about":[{"href":"https:\/\/www.wcoa.at\/index.php?rest_route=\/wp\/v2\/types\/page"}],"author":[{"embeddable":true,"href":"https:\/\/www.wcoa.at\/index.php?rest_route=\/wp\/v2\/users\/1"}],"replies":[{"embeddable":true,"href":"https:\/\/www.wcoa.at\/index.php?rest_route=%2Fwp%2Fv2%2Fcomments&post=26889"}],"version-history":[{"count":5,"href":"https:\/\/www.wcoa.at\/index.php?rest_route=\/wp\/v2\/pages\/26889\/revisions"}],"predecessor-version":[{"id":26989,"href":"https:\/\/www.wcoa.at\/index.php?rest_route=\/wp\/v2\/pages\/26889\/revisions\/26989"}],"wp:attachment":[{"href":"https:\/\/www.wcoa.at\/index.php?rest_route=%2Fwp%2Fv2%2Fmedia&parent=26889"}],"curies":[{"name":"wp","href":"https:\/\/api.w.org\/{rel}","templated":true}]}}